n + 3*n + n**3 + 5*n**2 + 1 - 3*n. Let p be k(-4). Let t(a) = -a + 7. Let r(m) = -m + 5. Let h(x) = -4*r(x) + 3*t(x). Determine h(p).
-2
Let q be (4/(-2) - -1) + -2. Let f(y) = 5*y + 17. Let n be f(-3). Let x(v) = -n*v - 52 - 58 + 107. Determine x(q).
3
Suppose -3*m - 2*b - 19 = 0, 13 = -m + 5*b - 9*b. Let q(h) be the second derivative of h**3/3 + h**2/2 - h. Determine q(m).
-9
Let b be (-2)/10 - 117/65. Let g be b/(-1) - 4/(-1). Suppose -g = -5*y + 2*y. Let a(o) = 3*o - 2. Give a(y).
4
Let f(a) = -14 - 5*a + 2*a + 4*a. Let o(h) be the first derivative of 2*h**2 + 2*h - 25. Let k be o(1). Calculate f(k).
-8
Let r(y) be the second derivative of -y**5/60 - y**4/6 - 14*y**2 - 3*y. Let q(g) be the first derivative of r(g). Determine q(-2).
4
Let r(x) = x**3 - 15*x**2 + 13*x + 16. Let v be r(14). Suppose 14 = 4*d + v*p, 5 = 3*d - d - p. Let f(t) = t + 4. Give f(d).
7
Let v be (-10)/(25/(-5)) + 1*-1. Let g(z) be the third derivative of -5*z**4/12 + z**3/6 + 5*z**2. What is g(v)?
-9
Suppose -3*r + 6*p = p - 12, -r + 5*p = -4. Let q(g) = -g**3 + 3*g**2 + g**2 + 6 - 6*g - g**2 + 2*g**2. What is q(r)?
-2
Let s = 3 + -4. Let v(u) be the first derivative of -3*u**2/2 - u + 138. What is v(s)?
2
Let t(x) = -6*x**3 + 4*x**2 + 7*x - 7. Let p be t(-4). Let i(h) = -823*h + p*h + 2 + 411*h. Calculate i(-9).
-7
Let t be (-16 + 6)*(-1)/(-1). Let g be ((-15)/t)/((-1)/(-6)). Let y(m) = m**3 - 8*m**2 - 11*m + 22. Let z be y(g). Let q(u) = u - 7. Give q(z).
-3
Let a = 133 + -793/6. Let j(w) be the third derivative of 1/24*w**4 + 0 + 0*w + 6*w**2 + a*w**3. Give j(0).
5
Suppose -l = 3*l - 32. Let p(y) = y - 7. Let a be p(l). Let i(t) = -5*t**2 + 6*t - 5. Let q(u) = u**2 + 1. Let w(b) = a*i(b) + 4*q(b). Determine w(7).
-8
Suppose 2*o = 6, -5*s - 4*o - 15 = o. Let x(v) = 20*v - 4. Let l(t) = -7*t + 1. Let k(j) = s*x(j) - 17*l(j). Let m = -19 - -19. Give k(m).
7
Let h(i) = -7*i**2 + 4*i + 2. Let t(y) = 2*y**3 - 2*y**2 - 1. Let a be t(2). Let c(b) = -8*b**2 + 4*b + 3. Let j(d) = a*h(d) - 6*c(d). Give j(4).
-4
Let a(z) be the second derivative of z**3/6 - 8*z**2 + z. Suppose 10*g = 1164 - 1054. Determine a(g).
-5
Let z(w) = -w + 7. Let j(a) = -a**3 - a**2 + 2*a + 7. Let u be j(0). Give z(u).
0
Let v(x) = x**3 - 18*x**2 + 46*x - 15. Let u be v(15). Let c(t) = t**2 - t + 10. Determine c(u).
10
Suppose -10*d + 8*d + 17 = c, -3*c + 24 = -3*d. Let z(o) = -o**2 + 10*o + 9. Determine z(c).
-2
Let l = 76 - 71. Let b(y) = y**2 + 2*y + 3. Let v be b(-2). Let u(f) = -2*f + v*f + f - f**2 + 6. What is u(l)?
-9
Let t(h) = 2*h + 1. Suppose -3*i + 0*i + 21 = -3*l, 3*l = 4*i - 23. Suppose -y + i = -s - 7, -5*s - 30 = -2*y. Determine t(s).
-7
Let p(s) = 6*s**2 + 2*s + 1. Let m be p(-1). Let k be 0 - (4 - m/5). Let f(q) = -4*q - 4. Calculate f(k).
8
Let c(m) be the third derivative of -m**5/2 + m**4/8 + m**3/3 + 477*m**2. Calculate c(-1).
-31
Let j(n) = 21*n + 96. Let l(i) = 32*i + 144. Let c(q) = -8*j(q) + 5*l(q). Let y be c(-6). Let o(m) = m + 17. Calculate o(y).
17
Let z be (10 + (-29)/2)*4/6. Let n(s) = 6*s + 1. Calculate n(z).
-17
Let c(q) = -5*q**3 - 7*q**2 + 12*q - 5. Let z(i) = -9*i**3 - 13*i**2 + 24*i - 7. Let p(h) = 7*c(h) - 4*z(h). What is p(-5)?
3
Let x(l) = -4*l**2 - 3*l**2 + 8*l + 175 - 181 + l**3. Suppose 6 = 3*m - 2*m. Determine x(m).
6
Suppose -3*h + 12 = -3*g + 6*g, -2*h + g + 5 = 0. Let f(m) = 4 - 4 + h*m - 1. Calculate f(-1).
-4
Let c(s) = -s**3 + 8*s**2 - 9*s - 5. Let u = -1044 + 1051. What is c(u)?
-19
Let b(i) be the third derivative of i**5/60 + 3*i**4/8 + 19*i**3/6 - i**2 - 4. Let t(a) be the first derivative of b(a). What is t(-7)?
-5
Suppose 8 = -5*f + h - 14, h - 2 = f. Let w(x) = -3*x**3 + 15*x**2 - 5*x + 7. Let b(d) = -d**3 + 7*d**2 - 2*d + 3. Let o(p) = -5*b(p) + 2*w(p). Determine o(f).
-1
Let d(c) = -8*c - 4. Let s(b) = -43*b - 21. Let k(j) = -22*d(j) + 4*s(j). What is k(-3)?
-8
Let n(a) = -a**2 + 31*a - 145. Let r be n(6). Let v(z) be the second derivative of 1/12*z**4 - 1/6*z**3 - 11/20*z**r + 0 - 13*z + 0*z**2. Calculate v(1).
-11
Let y = 78 + -52. Suppose 6 - y = -4*g. Let r(l) = -l + 7. Calculate r(g).
2
Let t(a) = -a**3 - 3*a**2 + 18*a + 8. Let n be t(-6). Let y(d) = -d**2 + 7*d + 5. Calculate y(n).
-3
Let j(s) be the third derivative of 0 - 11*s**2 + 1/120*s**6 + 1/12*s**4 + 1/20*s**5 + 0*s + 1/3*s**3. Give j(-2).
2
Suppose -6*k = -2*k. Let x(j) = 7*j - 23. Let r(q) = -q - 1. Let c(z) = -3*z + 2. Let v(l) = -3*c(l) + 6*r(l). Let t(y) = -5*v(y) + 2*x(y). Calculate t(k).
14
Let t(s) be the first derivative of s**3/3 + 9*s**2/2 + 4*s - 106. Give t(-4).
-16
Let z(q) = -2*q + 2. Let u be -8*5/(-40)*-4. Give z(u).
10
Let f(m) = 9*m**2 + 2*m + 1. Suppose 16*l - 32 = -0. Calculate f(l).
41
Suppose -v - c = -4, 5 = -3*v - c + 25. Let k(h) = -h**3 + 3*h - h + 7*h**2 - v - 3*h - 4*h. What is k(6)?
-2
Let k(p) = -6*p - 22. Let b be k(-18). Let a = 90 - b. Let c(r) = r**3 - 5*r**2 + 4*r + 4. Determine c(a).
4
Let r(u) = -3*u - 20. Let n = -543 - -535. Calculate r(n).
4
Let z(j) be the first derivative of -j**4/4 - j**3 + j**2/2 + j - 400. Suppose 3*h - 6 = 5*v, -v + 9 = -4*v. What is z(h)?
-2
Let s(y) = 4*y. Let b be 1/(3/9) - 0. Let a(h) = -h - 2. Let g be a(b). Let t(v) = -7*v. Let q(u) = g*s(u) - 3*t(u). What is q(-1)?
-1
Suppose 129*f = 128*f - 9. Let g(c) = -3*c + 0*c - 5*c**2 + 7 - 4*c**2 + 5*c - c**3. Determine g(f).
-11
Let u(v) = v**3 - 5*v + 29 - 5*v**2 - 2*v**2 - 15 - 3*v**2. Determine u(10).
-36
Let d be (-100)/(-24) - 3/18. Let s(l) = -7*l + 3*l - 3 + 6*l - d. Let y(g) = -g**2 + 18*g - 11. Let f be y(17). Calculate s(f).
5
Let a(r) = r + 1 + 3*r - 2. Let d = -6985 - -6983. Calculate a(d).
-9
Let r(w) = -2*w**2 + 22*w - 36. Let o be r(8). Let p(f) = f**3 - 11*f**2 - 12*f + 16. Give p(o).
16
Let p(q) = q**3 + 2*q**2 - 2*q - 2. Let f be p(-2). Let n(t) = 6 - 7*t**2 + 6*t**f - 2*t**3 + 2*t**2 + t**3. Determine n(0).
6
Let u(q) = q**2 - 6*q + 1. Let n(s) = 72*s**2 - s - 1. Let m be n(-1). Let x = m - 69. Calculate u(x).
-8
Let d(i) = -4*i**3 - 14*i**2 - 936*i + 11*i**2 + 2*i**3 + 939*i + 4 + i**3. Let a = -9 - -5. Give d(a).
8
Let i(z) = -221*z - 225*z - 15 - 216*z + 666*z. Calculate i(4).
1
Suppose 4*f + 3*t = 1, -f + 0*f + 19 = -3*t. Let o be (-16)/(-12)*6/4. Let y(m) = 4*m - 8 - 5*m**2 + 0*m**o + 2 + m**3 + 0*m**3. What is y(f)?
-6
Let c be (2/3*3)/(4 - 2). Let h(g) be the third derivative of g**4/12 - g**3/6 - 3*g**2. Give h(c).
1
Let i(u) be the third derivative of 0 - 6*u**2 + 0*u**5 + 0*u + 0*u**3 - 1/24*u**4 + 1/240*u**6. Let c(o) be the second derivative of i(o). Determine c(1).
3
Let q(n) = 4 - n + 4 + 2. Let l be (1 + 25)/2 + 4/(-2). Calculate q(l).
-1
Let f be 2/(-2) - (0 + 0). Let i be 2 + 1*(0 + 1)*f. Let g(q) = 10*q**3 - q**2 + q - 1. Give g(i).
9
Let a(s) = 53*s - 17*s - 19*s + 7 - 16*s. Determine a(-5).
2
Let z(i) = -i**2 - 7*i - 6. Suppose -14 = -9*s + 7*s. Suppose -2*d = s + 1. Determine z(d).
6
Suppose -4*q + 11 = 4*y + 19, -3*y + 2 = q. Let v(i) = -i**3 + 4*i**2 - 4*i + 2. Give v(y).
2
Let y(z) = -324*z**2 + 325*z**2 + z + 2*z + 5. Give y(-2).
3
Let p be (-3)/(-12) - 14/(-8). Suppose 2*t - 22 - 18 = -4*j, -2*t = 8. Let h(v) = -p*v + v + v**2 - 1 - 2*v**2 - j*v**3. Determine h(-1).
11
Let g(j) be the first derivative of j - 6 - 1/4*j**4 - j**2 + 1/3*j**3. Let n(q) = -2*q**2 - 6*q - 3. Let m be n(-2). Calculate g(m).
-1
Let h be 7 + -3 + 0 + 0. Let y(a) = -h*a + 7*a + 0*a. Give y(1).
3
Let u(n) = -n**3 - 5*n**2 + 7*n + 8. Let w be u(-6). Suppose 8*g = 10*g - 6. Suppose -g*k = w*k + 30. Let z(r) = -r - 2. Calculate z(k).
4
Let q(w) = -w**3 - 133 + 40 - 7*w**2 + 46 + 45 + w**2. Let y(a) = -6*a**2 + a - 1. Let o be y(1). What is q(o)?
-2
Suppose 13 = -5*u + 28. Suppose -u*l = 2*l. Suppose l = 5*k - 3*k - 10. Let n(d) = -d**3 + 5*d**2 - d + 2. Give n(k).
-3
Let h(b) = 3*b**2 - 5*b - 3. Let i(a) = a**2 + 6*a - 3. Let y(x) = -x**2 + 1. Let s(n) = i(n) + 5*y(n). Let w(o) = 3*h(o) + 2*s(o). Calculate w(5).
5
Let l(c) = 4*c - 31 - 2*c - c**3 + 22*c**2 - 5*c**2 + 2*c**3 - 2*c**3. Give l(17).
3
Let q(c) = c**2 + 1. Suppose 20*h - 75 = -5*h. What is q(h)?
10
Let t(n) = -9 - 3 - n - n**3 + 14 + 4*n**2. What is t(3)?
8
Let y = 45 - 42. Let l(w) = w - y*w + 4*w - 7. Calculate l(7).
7
Let a(k) = 3*k**2 - 3*k - 5. Let p(h) = h**2 - h - 2. Let c(i) = -2